hat is a(u)?
6
Let k(w) = w - 2. Suppose 2*l + 2*x + 195 = 5*x, -4*l + 5*x = 385. Let v be (-1)/(-9) - (-370)/l. Give k(v).
-6
Suppose 395 = 5*k + 95. Let s = 11 - k. Let q be (s/(-14))/(1/(-2)). Let z(i) = -i**2 - 7*i + 6. What is z(q)?
6
Let k(f) = -f**3 - 2*f**2 + 4*f + 3. Suppose -104 = 7*n + 19*n. Calculate k(n).
19
Let t(l) be the third derivative of -l**6/360 + l**5/120 + 5*l**4/8 - 17*l**3/6 + l**2. Let r(d) be the first derivative of t(d). What is r(0)?
15
Suppose 3*d + 0*d + 3*n = 3, 2*n + 8 = 3*d. Let i(c) = 2 - 2*c**2 + 3*c**d + 3*c + 2*c. Calculate i(-3).
-4
Let p(q) be the third derivative of -q**4/12 - q**3/3 + 36*q**2 - q. Determine p(-6).
10
Let j(g) be the first derivative of -1/3*g**3 - 10*g - 3*g**2 + 27. What is j(-7)?
-17
Let p(k) = k**2 - k - 1. Let z = -20 - -14. Let w(n) = n**2 - 5*n - 7. Let a(b) = -4*b - 8. Let i(m) = 3*a(m) - 4*w(m). Let c(h) = z*p(h) - i(h). Give c(-2).
-2
Let q(h) be the first derivative of -h**4/4 + 2*h**3/3 + h**2/2 - 2*h + 1430. Suppose -8 = 2*w - 6*w. Calculate q(w).
0
Let s(h) = 3*h - 3. Suppose 95 = -3*v - 88. Let r = v - -118. Suppose -2 = 56*g - r*g. Give s(g).
3
Let o(g) = -9*g - 6*g + 16*g + 1 - 9*g. Calculate o(5).
-39
Let o(a) be the second derivative of 1/6*a**3 + 0*a**2 + 3/4*a**5 + 0 - 1/6*a**4 - 11*a. Give o(1).
14
Let x(q) = -2*q + q**2 + 3*q - 5*q - 7. Suppose -3*c = -5*n + 10, 0 = 11*n - 15*n - 5*c + 45. Calculate x(n).
-2
Let u(z) = -3*z - 2. Let g(b) = b + 1. Let t(x) = 2*g(x) + u(x). Let c(j) = -j - 5. Let a(l) = -c(l) - t(l). Suppose 4*v + 0*v = 16. Give a(v).
13
Let g(s) = -s - 5. Let j be ((-121)/4)/11*4. Determine g(j).
6
Suppose -5 - 1 = s. Let m be (18/15)/(9/(-30)). Let h(l) = -6*l - 1. Let p(j) = -7*j. Let u(r) = m*p(r) + 5*h(r). What is u(s)?
7
Let q(b) be the first derivative of 1/6*b**3 + 1 - b**2 + 4*b - 1/12*b**4. Let l(m) be the first derivative of q(m). Give l(0).
-2
Let z(p) be the first derivative of -1/3*p**3 + p - 1 + 7/2*p**2. Let y be 1 - (-4)/(12/15). Give z(y).
7
Let z(s) be the third derivative of -s**6/120 - s**5/10 + s**4/4 - 11*s**3/6 - s**2 + 35*s. Determine z(-7).
-4
Let k(p) = 6*p + 4. Suppose -39*x - 43*x + 738 = 0. Determine k(x).
58
Let t(o) = -9*o + 1. Let c be (34 - 37)/((-2)/(8/(-6))). What is t(c)?
19
Let o(d) = 2*d**2 - d - 4. Let p be -3 + (45/(-30))/(9/(-30)). What is o(p)?
2
Let s(f) = -4*f + 5*f - 17 - f - f + 5*f. What is s(9)?
19
Let f(v) = -3*v**2 - 11*v - 8. Let c(a) = 4*a**2 + 12*a + 8. Let p(m) = 2*c(m) + 3*f(m). Give p(-6).
10
Let x = 6 - 6. Let g be 6 - (2*-1 + 4). Let n(d) = -d + 1 - 2 + g. Determine n(x).
3
Let u = -29 + 34. Suppose -5*n + 20 = 5*w, 0 = u*n - w + 10 - 24. Let q(g) = 5 + 4 + n*g - 4*g. Determine q(5).
4
Let s(g) = -3*g - 6. Let h(p) = 5*p + 13. Let f(q) = 2*h(q) + 5*s(q). Let v = -24 - -24. Suppose 0 = -2*t + 5*a + 15, 2*t - 5 = -v*t + 3*a. Determine f(t).
21
Let k be (-544)/(-18) - (-6)/(-27). Suppose -y + 6*y - k = 0. Let v(d) be the third derivative of d**4/24 - 147*d**2 + 2. Determine v(y).
6
Let s(h) = 114*h**3 - 231*h**3 - h + 116*h**3 + 1 + 4*h**2 - 2. Calculate s(2).
5
Let j(g) = 347*g - 171*g - 1 - 182*g. What is j(0)?
-1
Let f(c) = -4*c - 15. Let m(i) = -i - 4. Let v(n) = 2*f(n) - 9*m(n). Calculate v(-5).
1
Let o(v) = 5*v**2 + v - 5. Let g(w) = -4*w**2 + w + 6. Let p(u) = 4*g(u) + 3*o(u). Determine p(6).
15
Let t(x) be the second derivative of x**5/10 + x**4/3 + x**3/6 - x**2 - 63*x - 1. Determine t(-2).
-4
Let u be 3240/(-162)*2/8. Let l(x) = -6*x - 1. Calculate l(u).
29
Suppose u - x = -14, -2*u - 2*x = 6 + 2. Let f = u + 2. Let g(y) = -y - 5. Give g(f).
2
Suppose -5*f + 37 - 7 = 0. Suppose -5*p = -2*p + f. Let o(s) = s**3 + 4*s**2 + 3*s. Give o(p).
2
Let j(y) = -y**3 - 12*y**2 - 10. Let i(v) = -2*v**3 - 25*v**2 - v - 21. Let d(q) = 6*i(q) - 13*j(q). Calculate d(-7).
-3
Suppose -14*i = -13*i + 3. Suppose -4*d = 3*u - 0*d + 19, -u - 4*d = 9. Let n(q) = -7*q + 4. Let x(o) = 4*o - 2. Let m(l) = u*x(l) - 3*n(l). What is m(i)?
-5
Suppose 0 = 5*z + 14 - 79. Suppose 12 = -5*v - z. Let b(u) = -7*u**2 + u - u**3 + 3*u + 1 + 3*u**2. What is b(v)?
6
Let d = 12 - 10. Suppose -g = d*t + 16, 5*g - t + 7 = 3*g. Let y(x) = -x**3 - 5*x**2 + 4*x - 5. Give y(g).
7
Let v = 270 + -278. Let t(a) = a**2 + 9*a + 1. Determine t(v).
-7
Let o(h) be the third derivative of h**7/1260 + h**6/240 + h**5/40 + h**4/6 - 9*h**2. Let q(u) be the second derivative of o(u). Calculate q(-2).
5
Let b(r) = -r**2 - 2*r. Let v(p) be the second derivative of p**5/20 - 4*p**4/3 - 8*p**3/3 - 15*p**2/2 + 13*p. Let l be v(17). Determine b(l).
-8
Let s be ((-68)/51)/(2/(-60)). Let m = s + -45. Let o(b) = b**3 + 3*b**2 - 7*b. Give o(m).
-15
Let y(n) = 7*n**2 + 23430 - 23430 + n - 3*n + n. Give y(1).
6
Let i(s) = -10*s + 203. Let b be i(20). Let r(m) = 6*m**2 - 2*m - 2. Give r(b).
46
Let b(a) be the first derivative of a**6/120 + a**5/15 - a**3/3 - 13*a**2/2 + 20. Let q(r) be the second derivative of b(r). Determine q(-4).
-2
Let x(v) = 14*v - 2. Let r = 749 - 752. Determine x(r).
-44
Let r = 1285 - 1302. Let l(w) = -w**2 - 14*w + 39. What is l(r)?
-12
Let g(l) = 14 - 3*l + 0*l - 8. Suppose 5 = 5*s + b + 21, 2*b = 4*s + 24. Let y be s/18 + (-38)/(-9). Calculate g(y).
-6
Let h(p) = -p + 1. Let t(q) = 2*q**3 + 56*q**2 - 59*q - 31. Let n be t(-29). Calculate h(n).
3
Let r be -21 + 3650/175 - (-6)/(-7). Let w(d) = 19*d**2 + 3*d + 6*d - 7 - 5*d**2. Let y(n) = -7*n**2 - 5*n + 4. Let v(g) = -4*w(g) - 7*y(g). Give v(r).
-6
Let u(d) be the second derivative of -d**4/6 + 9*d**3/2 - 4*d**2 - 91*d. Calculate u(13).
5
Let b(w) be the second derivative of w**5/120 + w**4/6 - 17*w**3/6 + 14*w. Let z(s) be the second derivative of b(s). Calculate z(-6).
-2
Let w(t) be the third derivative of 5*t**4/24 - 2*t**3/3 - 3*t**2 + 11*t. Let m(b) = 6*b - 6. Let g(l) = -4*m(l) + 5*w(l). Give g(-3).
1
Suppose 1 = 2*t - 7. Let m(p) = -p**3 + p**2 + 8*p - 3. Let h be m(3). Suppose -17 = -3*q + t*x, 6*x = -q + 3*x - h. Let r(o) = o**2 - o - 3. Determine r(q).
3
Let s(q) = q**3 + 6*q**2 + q + 8. Suppose -6*z + 9 = -3. Let w be (z/((-2)/3))/(49/98). Determine s(w).
2
Let j = -7 + 10. Let q(p) = -p**3 + 7*p**2 - 7*p + 8. Let n be q(6). Let s(g) = 1 - 2*g**3 + n*g**2 + 5*g**3 - 4*g**3 + 3. Give s(j).
-5
Let b(f) = f**3 + 7*f**2 + 17*f + 24. Let w be b(-4). Let q(l) = -12*l + 6. Give q(w).
-42
Let t(h) = -h**3 - 7*h**2 - h - 9. Let g be t(-7). Let w(m) = 4*m**2 - m**2 + 2*m - 2*m**2 - 3*m**2 + 6*m**2. Give w(g).
12
Let m(h) be the first derivative of h**2/2 + 2*h + 2. Let o be m(4). Suppose 4*y + o = -2. Let t(p) = -3*p. What is t(y)?
6
Let d(n) = -n - 2. Let k be ((-30)/(-12) - 3)*4. Suppose 0 = 4*s + 6 + 10. Let z = k + s. Calculate d(z).
4
Let w(p) = -p**3 - p**2 + 10. Suppose 0 = -2*a - m + 8, a + 5*m + 10 + 4 = 0. Suppose 0*n = -4*s - 2*n + 4, a = 2*s - n. Let q be 1/s - 11/22. Calculate w(q).
10
Let w be (-19)/((-171)/(-36)) - -1. Let s(z) = -z**2 - z - 1. Determine s(w).
-7
Suppose -5*a - 15 = 0, 6*b = 2*b + a + 3. Let g(r) = -r + 19. Calculate g(b).
19
Let c be 1 - 0 - 25/5. Let x(z) = -14*z + 7. Let f(h) = 3*h - 2. Let u(l) = 9*f(l) + 2*x(l). Calculate u(c).
0
Let c(t) = -t**3 + 22*t**2 + 49*t - 34. Let d be c(24). Let j be (d/25)/((-4)/40). Let o(b) = 2*b + 3 - 1 + b**3 - 3*b - 4*b**2. What is o(j)?
-2
Let v(j) be the second derivative of j**5/20 + j**4/2 - 4*j**3/3 - j**2 + 21*j. Give v(-7).
5
Let w(k) = 5*k + 5. Suppose -25*j = 97 + 53. Determine w(j).
-25
Let w be 26/(-4) - (-3)/(-6). Let h(t) = 641*t + 639*t + 8 - 1279*t. Determine h(w).
1
Let t(j) be the second derivative of -j**4/12 - 2*j**3 - 7*j**2/2 + 23*j. Let f be t(-12). Let q(y) = y**2 + 8*y. What is q(f)?
-7
Suppose -5*h + 12 = -3. Let n(k) = -k + h - 3*k - 3. Let b = -2 + 3. Calculate n(b).
-4
Let x(b) = 9*b**2 - 24*b - 19. Let c(g) = 4*g**2 - 11*g - 9. Let i(f) = 7*c(f) - 3*x(f). Calculate i(7).
8
Let v = 28 - 28. Let s(d) = 310 - 4*d + 305 + 3*d - 642. Determine s(v).
-27
Let s(j) = -2*j + 5. Let n be 0 - 1 - (-27)/(-9). What is s(n)?
13
Let y(g) = 6*g**2 - 16*g + 19. Let v(n) = 4*n**2 - 11*n + 13. Let s(x) = 7*v(x) - 5*y(x). Give s(4).
-24
Suppose 0*v - v = -10. Let a = 13 - v. Let r(u) = 2*u - 2*u**3 + 3*u + 5*u**3 - 5*u**2 - 3 - 2*u**a. What is r(3)?
-6
Let v = 335 - 328. Let u(j) = 3*j + 6. Give 